+ 60. What is u(14)?
4
Let k(z) = z**3 + 2*z**2 - 117*z - 303. Calculate k(11).
-17
Let s(i) = 51*i + 96. What is s(-2)?
-6
Let t(k) = 28*k**2 - 258*k + 47. What is t(9)?
-7
Let f(k) = 106*k - 559. What is f(10)?
501
Let t(q) = 3*q**3 - 32*q**2 - 28*q + 256. Give t(11).
69
Let f(b) = -2*b**3 - 7*b**2 + 5*b - 23. Determine f(-6).
127
Let z(w) = 4*w**3 + 14*w**2 - 43*w - 95. Calculate z(-2).
15
Let b(j) = -7*j - 17. Calculate b(36).
-269
Let t(g) = g**3 - 10*g**2 + 2*g + 13. What is t(3)?
-44
Let y(x) = -x**3 - 110*x. What is y(0)?
0
Let i(p) = p**3 - 19*p**2 - 11*p + 33. Give i(19).
-176
Let n(a) = -6*a**2 + 102*a - 80. Give n(24).
-1088
Let a(c) = c**2 + 82*c + 1451. Determine a(-26).
-5
Let r(n) = -n**3 + 15*n**2 - 8*n - 380. Give r(8).
4
Let d(z) = -2*z**3 - z**2 - 9*z + 1. What is d(0)?
1
Let x(a) = -4*a**2 - 34*a - 57. Calculate x(-6).
3
Let u(v) = -11*v**2 - 128*v + 4. Determine u(-12).
-44
Let x(j) = -j**2 + 7*j + 71. Determine x(-6).
-7
Let o(t) = 2*t**3 + 34*t**2 + 30*t - 1. What is o(-16)?
31
Let f(s) = -2*s**3 - 13*s**2 - 17*s + 2. Give f(-4).
-10
Let r(l) = -28*l**2 + 533*l + 20. Calculate r(19).
39
Let o(n) = -n**3 + 12*n**2 + 286*n - 3275. Give o(11).
-8
Let l(z) = -7*z - 48. What is l(-12)?
36
Let i(h) = h**3 + 65*h**2 + 336*h + 2159. What is i(-60)?
-1
Let n(u) = -u**3 + 169*u**2 + 378*u + 64. Calculate n(-2).
-8
Let k(p) = -102*p - 913. Give k(-9).
5
Let b(f) = -109*f + 402. Determine b(3).
75
Let k(d) = d**3 - 26*d**2 + 29*d - 177. Calculate k(25).
-77
Let n(s) = -s**2 - 28*s + 1807. What is n(29)?
154
Let d(n) = -n**3 + 8*n**2 + 42*n - 104. Give d(5).
181
Let x(z) = -8006*z - 5. What is x(0)?
-5
Let p(l) = -73*l + 37. What is p(8)?
-547
Let l(d) = 5037*d + 10085. Give l(-2).
11
Let i(h) = -2*h**3 - 61*h**2 - 90*h - 80. Calculate i(-29).
7
Let l(q) = 2*q**3 + 125*q**2 - 80*q - 1079. What is l(-63)?
-8
Let f(i) = 68*i - 409. Determine f(12).
407
Let j(s) = 5*s**2 - 5*s - 8. Calculate j(-2).
22
Let k(w) = -w**2 + 364*w - 3531. What is k(10)?
9
Let f(q) = 112*q - 1232. Determine f(11).
0
Let x(o) = o**2 - 30*o + 84. Determine x(21).
-105
Let d(a) = -a**2 + 150*a - 5279. Give d(94).
-15
Let f(y) = 3476*y - 142518. Calculate f(41).
-2
Let l(b) = -392*b + 34490. What is l(88)?
-6
Let s(g) = -g**3 - 24*g**2 + 40*g - 24. What is s(-26)?
288
Let u(g) = 105*g - 394. Calculate u(4).
26
Let g(f) = -f**3 - 36*f**2 + 44*f - 6. Give g(0).
-6
Let o(i) = 83*i + 798. What is o(-9)?
51
Let g(d) = -2*d**2 + 34*d - 120. Give g(10).
20
Let c(n) = -926*n + 686. What is c(1)?
-240
Let q(t) = -8622*t - 34468. Give q(-4).
20
Let x(k) = 9*k**3 - 396*k**2 + k + 67. Give x(44).
111
Let d(z) = 325*z + 973. Calculate d(-3).
-2
Let f(s) = -s**3 + 37*s**2 - 120*s - 294. Give f(33).
102
Let u(w) = -21*w + 121. Give u(5).
16
Let u(c) = c**3 + 19*c**2 + 41*c - 19. Calculate u(-16).
93
Let a(u) = -52*u + 423. Calculate a(7).
59
Let p(l) = 65*l + 1307. Determine p(-20).
7
Let u(v) = -10*v + 239. Determine u(13).
109
Let v(l) = -l**2 + 52*l + 1828. Calculate v(-24).
4
Let l(o) = o**3 + 35*o**2 + 237*o + 71. Determine l(-26).
-7
Let n(t) = 57*t - 1475. Calculate n(25).
-50
Let i(l) = 221*l + 3958. Give i(-18).
-20
Let l(i) = 1656*i + 1665. Determine l(-1).
9
Let k(n) = -273*n + 3121. Calculate k(11).
118
Let s(b) = -47*b - 703. Determine s(-15).
2
Let h(v) = 2*v**2 + 93*v + 99. Calculate h(-46).
53
Let c(t) = 11*t**2 - t - 19. Give c(-1).
-7
Let t(z) = -30*z**2 + 136*z - 60. Calculate t(4).
4
Let k(n) = -18*n - 52. Calculate k(-7).
74
Let p(s) = 115*s + 40. Calculate p(-2).
-190
Let q(b) = -106*b - 385. What is q(-1)?
-279
Let s(i) = 12*i - 2573. Calculate s(216).
19
Let d(k) = k**3 + 7*k**2 - 10*k - 90. Give d(-8).
-74
Let p(w) = -w**3 + w**2 + 58*w - 17. Give p(8).
-1
Let p(a) = -11*a**2 + 95*a - 27. Determine p(8).
29
Let m(k) = -7*k + 267. Determine m(38).
1
Let m(q) = -q**3 - 2*q**2 + 16*q + 46. Give m(-4).
14
Let q(i) = 2*i - 208. Give q(21).
-166
Let n(g) = -g**3 - 27*g**2 + 5*g + 218. Determine n(-27).
83
Let g(s) = -227*s + 1814. Give g(8).
-2
Let l(o) = -9*o + 180. Determine l(28).
-72
Let t(v) = v**3 + 3*v**2 - 32*v - 6. What is t(4)?
-22
Let s(n) = -137*n - 1106. Calculate s(-8).
-10
Let x(u) = u**2 - 10*u - 102. Determine x(14).
-46
Let m(h) = -h**2 - 237*h - 3623. Determine m(-17).
117
Let q(m) = -m**3 + m**2 - 5*m + 28. Calculate q(4).
-40
Let c(r) = -367*r**3 - 7*r - 8. Determine c(-1).
366
Let q(x) = 2001*x + 20020. Give q(-10).
10
Let q(n) = -132*n - 5404. What is q(-41)?
8
Let h(x) = -42*x + 841. Give h(20).
1
Let w(p) = -245*p**2 - 3674*p + 17. Determine w(-15).
2
Let f(n) = -8*n**3 - 2*n**2 + 34*n - 32. Determine f(1).
-8
Let v(j) = -6*j**2 + 64*j + 94. What is v(12)?
-2
Let h(k) = 1502*k + 41. Determine h(0).
41
Let s(b) = -154*b + 418. What is s(4)?
-198
Let g(q) = 5*q**2 - 639*q + 522. Calculate g(127).
14
Let t(j) = 27*j**2 - 9*j - 1. Calculate t(-3).
269
Let g(a) = -9*a**3 + 271*a**2 - 34*a + 210. What is g(30)?
90
Let d(m) = -29*m + 839. Calculate d(29).
-2
Let f(q) = 6*q - 80. Give f(21).
46
Let c(t) = -11*t**2 - 251*t + 39. What is c(-23)?
-7
Let k(z) = -70*z**2 - 4260*z + 613. What is k(-61)?
3
Let z(f) = -5*f + 207. What is z(-29)?
352
Let n(h) = 138*h**2 - 962*h - 10. Give n(7).
18
Let q(l) = -2*l**2 + 54*l - 220. Give q(4).
-36
Let t(c) = -2020*c - 10109. Calculate t(-5).
-9
Let i(b) = -b**3 + 14*b**2 - 17*b - 234. Determine i(7).
-10
Let z(y) = -3*y**2 - 82*y - 582. What is z(-16)?
-38
Let z(c) = c**3 - 121*c**2 + 279*c - 4886. Give z(119).
-7
Let z(g) = g**2 + 34*g - 4. Determine z(-41).
283
Let f(y) = -y**2 + 29*y + 341. Determine f(33).
209
Let l(b) = -b**2 - 44*b + 458. Determine l(-53).
-19
Let l(p) = 7*p**2 + 220*p + 434. Calculate l(-2).
22
Let p(l) = -2*l**2 - 75*l - 646. Calculate p(-24).
2
Let i(n) = -19*n + 278. What is i(15)?
-7
Let k(i) = 51*i + 16. Determine k(-1).
-35
Let m(n) = -23*n**2 - 579*n - 149. Calculate m(-25).
-49
Let g(p) = -p**3 + 14*p**2 - 38*p - 74. What is g(8)?
6
Let g(k) = 4*k**3 + 40*k**2 - 41*k - 5. Determine g(-11).
-38
Let s(j) = 4*j**3 + 15*j**2 + 3*j + 3. Calculate s(0).
3
Let r(h) = 3*h**2 + 37*h + 10. What is r(7)?
416
Let t(i) = 1389*i + 111115. Determine t(-80).
-5
Let k(g) = -3*g**2 - 16*g + 21. Determine k(-10).
-119
Let c(h) = -h**3 + 36*h**2 - 25*h + 904. Calculate c(36).
4
Let t(u) = -68*u - 4452. Calculate t(-66).
36
Let j(a) = -2*a**3 + 9*a**2 - a + 27. Give j(5).
-3
Let o(g) = 3*g**3 + 28*g**2 - 21*g - 72. Determine o(-9).
198
Let l(m) = -12*m - 240. Give l(-30).
120
Let d(w) = -24*w + 2247. Give d(93).
15
Let a(t) = t**3 - 4*t**2 + 7*t - 93. What is a(6)?
21
Let k(x) = 3*x**3 - 32*x**2 + 45*x. Give k(9).
0
Let b(c) = -c**2 - 18*c + 30. Calculate b(-13).
95
Let w(k) = -9*k + 438. Calculate w(47).
15
Let p(u) = u**2 - 42*u + 190. Determine p(46).
374
Let j(b) = -b**3 + 22*b**2 + 44*b + 81. What is j(24)?
-15
Let c(y) = -822*y + 24683. What is c(30)?
23
Let a(d) = 5*d - 165. What is a(30)?
-15
Let a(l) = -77*l + 2704. Calculate a(36).
-68
Let w(d) = 142*d - 143. Determine w(1).
-1
Let p(z) = 266*z + 8233. Calculate p(-31).
-13
Let z(h) = 130*h + 620. What is z(-5)?
-30
Let j(r) = -r**2 - 152*r - 4340. Calculate j(-114).
-8
Let q(j) = j**3 + 52*j**2 - 53*j - 35. What is q(-53)?
-35
Let i(b) = 5*b**2 - 345*b + 951. Give i(66).
-39
Let i(q) = -2*q**2 + 178*q + 1990. Give i(-10).
10
Let n(j) = -185*j - 37. Calculate n(-2).
333
Let i(o) = -1185*o - 9421. Give i(-8).
59
Let p(a) = -243*a**3 - a**2 - 2. Give p(-1).
240
Let l(b) = 20*b**2 - 4*b + 4. Give l(4).
308
Let y(v) = 8*v**2 - 272*v + 973. Calculate y(30).
13
Let a(p) = -p**2 + 41*p + 123. Give a(44).
-9
Let n(r) = -r**3 - 10*r**2 - 11*r + 9. What is n(-7)?
-61
Let j(l) = 5*l**2 - 1567*l + 5276. What is j(310)?
6
Let c(q) = -7*q**2 - 26*q - 77. Calculate c(-5).
-122
Let w(g) = -14*g**3 + 135*g**2 - 186*g + 14. Give w(8).
-2
Let o(d) = d**3 + 5*d**2 + 5*d + 7. What is o(-2)?
9
Let z(p) = p**2 - 28*p - 413. Calculate z(42).
175
Let j(n) = -n**3 - 75*n**2 - 218*n - 63. What is j(-72)?
81
Let c(x) = 282*x - 30188. Give c(107).
-14
Let u(d) = -25*d**2 + 275*d - 17. Determine u(11).
-17
Let q(a) = -a**3 + 27*a**2 + 77*a + 387. Determine q(30).
-3
Let y(m) = -m**3 - 22*m**2 + 54*m + 47. Give y(-24).
-97
Let q(s) = 37*s - 245. Determine q(